{"id":2740,"date":"2016-10-10T15:10:22","date_gmt":"2016-10-10T18:10:22","guid":{"rendered":"http:\/\/prupeprabrincar.com.br\/site\/?page_id=2740"},"modified":"2017-02-09T17:56:22","modified_gmt":"2017-02-09T19:56:22","slug":"a-prupe","status":"publish","type":"page","link":"http:\/\/prupeprabrincar.com.br\/site\/a-prupe\/","title":{"rendered":"A Prup\u00ea"},"content":{"rendered":"<p>[vc_row][vc_column][vc_single_image image=&#8221;3057&#8243; img_size=&#8221;full&#8221;][\/vc_column][\/vc_row][vc_row][vc_column width=&#8221;1\/2&#8243;][vc_wp_text]<\/p>\n<h1>Pra Brincar..<\/h1>\n<p style=\"text-align: justify;\">O mundo mudou muito e, com isso, as brincadeiras e os lugares destinados ao brincar tamb\u00e9m se modificaram. Pouco se v\u00ea as brincadeiras de rua, a divers\u00e3o antiga da casa da av\u00f3, o brincar ao ar livre&#8230; Isso porque a contemporaneidade nos apresentou uma nova forma de brincar. E qual o lugar e o significado dessas novas brincadeiras? Como elas acontecem na vida das crian\u00e7as? Como se d\u00e1 a integra\u00e7\u00e3o dos pais nesse processo? O autom\u00e1tico se mascarou de natural e o tempo \u00e9 sempre urgente.<\/p>\n<p style=\"text-align: justify;\">O que \u00e9 o natural? Pra gente, \u00e9 a pr\u00f3pria ess\u00eancia humana. A partir de ent\u00e3o entramos inevitavelmente no coletivo. Integrar, trocar, receber e dar se tornam as atividades mais importantes para o \u00eaxito do relacionamento com o outro. E quem \u00e9 o outro? Tocar, reconhecer, descobrir e explorar se tornam as atividades mais importantes para o encontro que nunca deve ser autom\u00e1tico, mas espont\u00e2neo natural. Agora que a gente j\u00e1 sabe o que \u00e9 natural, devemos reconhecer que todo esse processo leva tempo, e por isso \u00e9 importante inici\u00e1-lo o quanto antes. \u00c9 urgente? N\u00e3o. \u00c9 s\u00f3 s\u00e9rio\u2026 Brincar \u00e9 urgente!<\/p>\n<p style=\"text-align: justify;\">A partir dessa reflex\u00e3o, uma psic\u00f3loga e uma terapeuta ocupacional, com a uni\u00e3o de estudos e organiza\u00e7\u00f5es, idealizaram um espa\u00e7o que possibilita o resgate \u00e0 brincadeira, dando aten\u00e7\u00e3o especial \u00e0 crian\u00e7a e \u00e0 integra\u00e7\u00e3o familiar.<br \/>\nBrincando de ser livre, podemos criar um mundo grande de gente pequena com valores envolvidos de amor, leveza e respeito. Porque com uma caixa eu posso fazer um carro, na massinha eu consigo criar um castelo, no papel eu expresso um sonho colorido, no meu rabisco eu imagino um novo planeta. E o papai e a mam\u00e3e podem participar de tudo isso.<\/p>\n<p style=\"text-align: justify;\">Um lugar para desenvolver, descobrir, brincar e explorar de novas possibilidades, diferente do lar, da escola e dos outros lugares freq\u00fcentado pelas crian\u00e7as, com profissionais e servi\u00e7os capacitados para mediar e facilitar o brincar. Para os adultos, um espa\u00e7o para ser ouvido, de encontros, conversas, descanso, e o principal: onde ter\u00e3o oportunidade de aprimorar o papel de paternidade e maternidade.<\/p>\n<p style=\"text-align: justify;\">Aqui, a fam\u00edlia e a crian\u00e7a est\u00e3o juntos. H\u00e1 uma troca de contatos e experi\u00eancias, afim de que pais e filhos possam explorar e recriar objetos, transformando o que desejarem em um brinquedo. \u00c9 local de conversas, hist\u00f3rias e contos, di\u00e1logos, alegria, risos e representa\u00e7\u00f5es. \u00c9 essencial o sentimento de pertencer. Um aprendizado sobre conviv\u00eancia, compartilhamento e descobertas lado a lado.<\/p>\n<p>[\/vc_wp_text][\/vc_column][vc_column width=&#8221;1\/2&#8243;][vc_single_image image=&#8221;3065&#8243; img_size=&#8221;449x1047px&#8221;][\/vc_column][\/vc_row]<\/p>\n","protected":false},"excerpt":{"rendered":"<p>[vc_row][vc_column][vc_single_image image=&#8221;3057&#8243; img_size=&#8221;full&#8221;][\/vc_column][\/vc_row][vc_row][vc_column width=&#8221;1\/2&#8243;][vc_wp_text] Pra Brincar.. O mundo mudou muito e, com isso, as brincadeiras e os lugares destinados ao brincar tamb\u00e9m se modificaram. Pouco se v\u00ea as brincadeiras de rua, a divers\u00e3o antiga da casa da av\u00f3, o brincar ao ar livre&#8230; Isso porque a contemporaneidade nos apresentou uma nova forma de brincar. E [&hellip;]<\/p>\n","protected":false},"author":1,"featured_media":0,"parent":0,"menu_order":0,"comment_status":"closed","ping_status":"closed","template":"","meta":[],"_links":{"self":[{"href":"http:\/\/prupeprabrincar.com.br\/site\/wp-json\/wp\/v2\/pages\/2740"}],"collection":[{"href":"http:\/\/prupeprabrincar.com.br\/site\/wp-json\/wp\/v2\/pages"}],"about":[{"href":"http:\/\/prupeprabrincar.com.br\/site\/wp-json\/wp\/v2\/types\/page"}],"author":[{"embeddable":true,"href":"http:\/\/prupeprabrincar.com.br\/site\/wp-json\/wp\/v2\/users\/1"}],"replies":[{"embeddable":true,"href":"http:\/\/prupeprabrincar.com.br\/site\/wp-json\/wp\/v2\/comments?post=2740"}],"version-history":[{"count":34,"href":"http:\/\/prupeprabrincar.com.br\/site\/wp-json\/wp\/v2\/pages\/2740\/revisions"}],"predecessor-version":[{"id":3066,"href":"http:\/\/prupeprabrincar.com.br\/site\/wp-json\/wp\/v2\/pages\/2740\/revisions\/3066"}],"wp:attachment":[{"href":"http:\/\/prupeprabrincar.com.br\/site\/wp-json\/wp\/v2\/media?parent=2740"}],"curies":[{"name":"wp","href":"https:\/\/api.w.org\/{rel}","templated":true}]}}